isor of 135 and 29265.
15
Calculate the greatest common factor of 6016518 and 162.
162
What is the highest common divisor of 750 and 29875?
125
Calculate the greatest common divisor of 120 and 829335.
15
What is the greatest common factor of 4609 and 11?
11
What is the highest common divisor of 710 and 905?
5
Calculate the highest common divisor of 156646 and 45024.
938
Calculate the highest common divisor of 328 and 91799.
41
What is the highest common factor of 13334 and 118?
118
Calculate the highest common factor of 7064 and 883.
883
What is the greatest common divisor of 1450 and 122950?
50
Calculate the greatest common divisor of 1152446 and 4.
2
Calculate the highest common divisor of 432996 and 12.
12
Calculate the greatest common divisor of 12639 and 33.
33
What is the highest common factor of 1054 and 142662?
62
Calculate the greatest common factor of 66052 and 112.
28
What is the highest common divisor of 5376 and 3642?
6
What is the greatest common divisor of 2850 and 4698700?
950
Calculate the greatest common divisor of 8944 and 624.
208
Calculate the highest common divisor of 50 and 856150.
50
What is the greatest common factor of 12629 and 1679?
73
What is the highest common factor of 3440 and 62995?
215
Calculate the greatest common factor of 68560 and 10.
10
What is the greatest common divisor of 2703 and 415149?
159
Calculate the greatest common divisor of 9 and 7135083.
9
Calculate the highest common factor of 406055 and 130.
65
Calculate the highest common divisor of 667045 and 3905.
355
What is the greatest common factor of 677 and 325637?
677
What is the greatest common divisor of 513 and 21774?
57
Calculate the greatest common factor of 53001 and 9.
9
Calculate the greatest common factor of 63260 and 540.
20
What is the highest common factor of 4922 and 5992?
214
What is the greatest common divisor of 59486 and 112?
14
What is the greatest common factor of 42585 and 1530?
255
Calculate the highest common factor of 108 and 70836.
12
Calculate the highest common factor of 16875 and 255.
15
Calculate the highest common divisor of 943 and 3634.
23
What is the highest common divisor of 32 and 119648?
32
Calculate the greatest common divisor of 871 and 50384.
67
Calculate the greatest common factor of 48977 and 67.
67
What is the highest common factor of 1211 and 4?
1
Calculate the highest common divisor of 35766 and 972.
18
What is the highest common factor of 100530 and 430?
10
What is the highest common factor of 138 and 3027?
3
Calculate the highest common divisor of 2 and 10418.
2
What is the highest common divisor of 38 and 4012002?
38
Calculate the highest common divisor of 30 and 326370.
30
What is the greatest common divisor of 15008 and 107744?
224
Calculate the greatest common divisor of 5694 and 84242.
146
Calculate the greatest common divisor of 195 and 255.
15
What is the highest common factor of 6357 and 156?
39
Calculate the greatest common factor of 21858 and 1.
1
What is the highest common factor of 124248 and 21576?
744
What is the highest common factor of 17 and 1742177?
17
Calculate the greatest common factor of 42056 and 56.
56
Calculate the greatest common factor of 10004 and 82.
82
What is the highest common factor of 387797 and 669?
223
What is the greatest common divisor of 4950 and 141878?
22
What is the greatest common divisor of 65221 and 377?
377
What is the highest common factor of 118 and 571769?
59
Calculate the highest common factor of 357443 and 207.
23
Calculate the highest common factor of 37278 and 95.
19
What is the greatest common factor of 8479 and 12322?
61
What is the greatest common factor of 107296 and 112?
112
What is the greatest common factor of 2360 and 79768?
472
What is the highest common divisor of 32 and 221440?
32
What is the greatest common factor of 127764 and 1001?
91
What is the highest common factor of 1981 and 185648?
283
What is the greatest common factor of 244 and 240584?
244
What is the highest common factor of 143 and 290706?
13
What is the greatest common divisor of 1200 and 18450?
150
Calculate the greatest common divisor of 467 and 1116130.
467
Calculate the highest common factor of 199 and 135917.
199
Calculate the highest common factor of 2100 and 53340.
420
Calculate the greatest common divisor of 30 and 305070.
30
Calculate the greatest common divisor of 3822 and 87808.
98
What is the greatest common divisor of 12814303 and 38?
19
Calculate the greatest common factor of 14396 and 102968.
244
Calculate the highest common divisor of 1343115 and 135.
135
What is the greatest common factor of 700 and 224938?
14
Calculate the greatest common divisor of 28 and 229621.
7
Calculate the greatest common divisor of 3625 and 36000.
125
Calculate the greatest common divisor of 680115 and 30.
15
Calculate the greatest common divisor of 10089 and 8496.
531
What is the highest common factor of 54 and 85509?
27
Calculate the greatest common factor of 519731 and 161.
23
What is the highest common factor of 33086 and 699?
233
Calculate the greatest common divisor of 84 and 110971.
7
Calculate the greatest common factor of 10747 and 88.
11
Calculate the highest common divisor of 3608205 and 615.
615
What is the highest common divisor of 21 and 105189?
21
What is the greatest common divisor of 133 and 1007?
19
What is the highest common divisor of 2612 and 352?
4
What is the greatest common divisor of 3486890 and 22?
22
Calculate the greatest common divisor of 102646 and 68.
34
Calculate the highest common divisor of 158345 and 550.
55
What is the highest common divisor of 15270 and 1500?
30
Calculate the greatest common factor of 338128 and 1736.
56
What is the greatest common divisor of 156 and 25692?
12
Calculate the greatest common divisor of 9 and 2589.
3
What is the highest common divisor of 52856 and 8?
8
What is the greatest common factor of 1358 and 3122?
14
What is the highest common divisor of 66 and 97608?
6
What is the greatest common factor of 1985 and 83767?
397
What is the greatest common divisor of 225 and 93400?
25
Calculate the greatest common divisor of 912 and 47994.
114
What is the greatest common divisor of 13595 and 35?
5
Calculate the greatest common factor of 1121 and 12095.
59
What is the highest common factor of 180 and 1091295?
45
What is the highest common factor of 153 and 48564?
9
Calculate the highest common divisor of 20 and 12940.
20
What is the highest common factor of 75705 and 22050?
735
What is the highest common factor of 26865 and 21?
3
What is the highest common divisor of 56948 and 92?
92
Calculate the greatest common factor of 14280 and 240.
120
What is the greatest common factor of 1933547 and 66?
11
Calculate the greatest common divisor of 20403 and 36.
9
Calculate the highest common divisor of 5134 and 5219.
17
Calculate the highest common factor of 90 and 9098.
2
What is the highest common divisor of 753664 and 736?
736
What is the greatest common divisor of 405 and 21141?
81
What is the highest common factor of 12 and 96564?
12
What is the greatest common divisor of 747 and 213393?
249
What is the highest common factor of 420 and 3670?
10
Calculate the greatest common factor of 20900 and 175.
25
Calculate the highest common factor of 5899 and 39211.
347
What is the highest common factor of 1616 and 62115?
101
Calculate the highest common factor of 90734 and 238.
14
What is the highest common factor of 1271 and 37?
1
What is the highest common divisor of 133 and 131879?
19
What is the highest common divisor of 1576956 and 72?
12
What is the greatest common factor of 1051701 and 168?
21
What is the greatest common divisor of 905 and 35838?
181
What is the highest common divisor of 5395 and 55640?
65
What is the highest common divisor of 2960 and 407?
37
What is the highest common divisor of 13162831 and 69?
23
What is the greatest common factor of 77164 and 505?
101
Calculate the highest common divisor of 351153 and 396.
99
What is the highest common divisor of 272 and 1003?
17
What is the greatest common factor of 414825 and 125?
25
Calculate the greatest common divisor of 176 and 141944.
88
What is the greatest common divisor of 284 and 3?
1
Calculate the highest common divisor of 54 and 47640.
6
What is the highest common 